{"id":14352,"date":"2025-07-29T15:43:01","date_gmt":"2025-07-29T13:43:01","guid":{"rendered":"https:\/\/www.immobiliareccfs.it\/wordpress\/?page_id=14352"},"modified":"2025-07-29T16:15:58","modified_gmt":"2025-07-29T14:15:58","slug":"cookie-policy","status":"publish","type":"page","link":"https:\/\/www.immobiliareccfs.it\/wordpress\/cookie-policy\/","title":{"rendered":"Cookie Policy"},"content":{"rendered":"<p>[vc_row][vc_column][vc_column_text]<strong>COOKIE POLICY<\/strong><\/p>\n<p><strong>resa ai sensi dell\u2019art. 13 Regolamento (UE) 2016\/679 (\u201cGDPR\u201d)<\/strong><\/p>\n<p>Con il presente documento (\u201cCookie Policy\u201d) il Titolare del trattamento, come di seguito definito, desidera informarLa sulle modalit\u00e0 e finalit\u00e0 del trattamento dei Suoi dati personali derivante dall\u2019utilizzo dei cookie ed altri strumenti di tracciamento presenti sul sito\u00a0<span style=\"color: #006f3f;\"><a style=\"color: #006f3f;\" href=\"https:\/\/www.immobiliareccfs.it\">(https:\/\/www.immobiliareccfs.it\/)<\/a><\/span>\u00a0(di seguito, congiuntamente, il \u201cSito\u201d), in conformit\u00e0 al provvedimento emanato dal Garante della Privacy in data 8 maggio 2014 \u201c<em>Individuazione delle modalit\u00e0 semplificate per l\u2019informativa e l\u2019acquisizione del consenso per l\u2019uso dei cookie<\/em>\u201d e successivi chiarimenti ed aggiornamenti (le \u201cLinee Guida\u201d), dell\u2019art. 122 del D. Lgs. 30 giugno 2003, n. 196 (c.d. \u201cCodice della Privacy\u201d) e dell\u2019art. 13 del GDPR.<\/p>\n<p>L\u2019utilizzo dei cookie da parte del Titolare dei siti <span style=\"color: #006f3f;\"><a style=\"color: #006f3f;\" href=\"https:\/\/www.immobiliareccfs.it\">(https:\/\/www.immobiliareccfs.it\/)<\/a><\/span> si inquadra nella privacy policy dello stesso per tutte le informazioni richieste dall\u2019art. 13 Regolamento UE 2016\/679 \u2013 GDPR (<span style=\"color: #006f3f;\"><a style=\"color: #006f3f;\" href=\"https:\/\/www.immobiliareccfs.it\/wordpress\/privacy-policy\">clicca qui<\/a><\/span>)<\/p>\n<p>&nbsp;<\/p>\n<ol>\n<li>TITOLARE DEL TRATTAMENTO<\/li>\n<li>COSA SONO I COOKIE E QUALI TRATTIAMO<\/li>\n<li>COMUNICAZIONE<\/li>\n<li>TRASFERIMENTO<\/li>\n<li>DIRITTI DEGLI INTERESSATI<\/li>\n<li>FINALITA\u2019 ED ELENCO DEI COOKIE UTILIZZATI<\/li>\n<\/ol>\n<p>&nbsp;<\/p>\n<ul>\n<li><strong>1- TITOLARE DEL TRATTAMENTO<\/strong><\/li>\n<\/ul>\n<p>Il Titolare del trattamento \u00e8 CCFS Immobiliare Spa (con sede legale in via Meuccio Ruini, 74L \u2013 42124 \u2013 Reggio Emilia, <a href=\"mailto:privacyccfsimmobiliare@ccfs.it\"><span style=\"color: #006f3f;\">privacyccfsimmobiliare@ccfs.it<\/span><\/a>) nella persona del legale rappresentante pro-tempore.<\/p>\n<ul>\n<li><strong>2- COSA SONO I COOKIE E QUALI TRATTIAMO <\/strong><\/li>\n<\/ul>\n<p><strong>Definizioni, caratteristiche e applicazione della normativa<\/strong><\/p>\n<p>I cookie sono piccoli file di testo che i siti visitati dall&#8217;utente inviano e registrano sul suo computer o dispositivo mobile, per essere poi ritrasmessi agli stessi siti alla successiva visita. Proprio grazie ai cookie un sito ricorda le azioni e preferenze dell&#8217;utente (come, ad esempio, i dati di login, la lingua prescelta, le dimensioni dei caratteri, altre impostazioni di visualizzazione, ecc.) in modo che non debbano essere indicate nuovamente quando l&#8217;utente torni a visitare detto sito o navighi da una pagina all&#8217;altra di esso. I cookie, quindi, sono usati per eseguire autenticazioni informatiche, monitoraggio di sessioni e memorizzazione di informazioni riguardanti le attivit\u00e0 degli utenti che accedono ad un sito e possono contenere anche un codice identificativo unico che consente di tenere traccia della navigazione dell&#8217;utente all&#8217;interno del sito stesso per finalit\u00e0 statistiche o pubblicitarie.<\/p>\n<p>L\u2019utilizzo dei cookie di terze parti, presenti su questo sito web, \u00e8 disciplinato dalle regole predisposte dalle terze parti medesime; pertanto, si invita l\u2019Interessato a prendere visione delle informative sul trattamento dei dati personali pubblicate nelle pagine web indicate nel punto <strong>6<\/strong> <strong>Finalit\u00e0 e<\/strong> <strong>Elenco dei Cookie utilizzati dal sito<\/strong>.<\/p>\n<p><strong>Tipologie di cookie<\/strong>: Questo sito web viene analizzato con uno strumento di scansione dei cookie per mantenere un elenco il pi\u00f9 preciso possibile. I cookie che possono essere rilevati sono classificati nelle seguenti categorie:<\/p>\n<p>1) Cookie necessari: i cookie necessari aiutano a contribuire a rendere fruibile un sito web abilitando le funzioni di base come la navigazione della pagina e l&#8217;accesso alle aree protette del sito. Il sito web non pu\u00f2 funzionare correttamente senza questi cookie.<\/p>\n<p>2) Cookie per le preferenze: consentono, nel caso in cui l\u2019Interessato abbia fornito un consenso esplicito ed informato, a un sito web di ricordare le informazioni che influenzano il modo in cui il sito si comporta o si presenta, come la lingua preferita o la regione di appartenenza dell\u2019utente.<\/p>\n<p>3) Cookie statistici: utilizzati per elaborare analisi statistiche, quali analisi volte a (i) valutare l\u2019efficacia dei servizi resi tramite il Sito, (ii) progettare il Sito, o (iii) misurarne il \u201ctraffico\u201d, ossia il numero di visitatori, eventualmente classificati in base alle caratteristiche d\u2019interesse (e.g. area geografica, fascia oraria etc.)<\/p>\n<p>4) Cookie Marketing, social e profilazione: vengono utilizzati per monitorare gli utenti nei siti web, nel caso in cui l\u2019Interessato abbia fornito un consenso esplicito ed informato. L&#8217;intento \u00e8 quello di visualizzare annunci pertinenti e coinvolgenti per il singolo utente.<\/p>\n<p>Il trattamento dei dati per l\u2019espletamento della finalit\u00e0 di cui al punto 1 \u00e8 necessaria per adempiere ad una sua richiesta e l\u2019eventuale rifiuto potrebbe limitare e\/o impedire l\u2019utilizzo in pieno delle funzionalit\u00e0 e dei servizi presenti sul sito. La base giuridica per il trattamento dei Suoi dati per le finalit\u00e0 di cui al punto 1\u00a0<em>\u00e8 il legittimo interesse, ai sensi dell\u2019articolo 6, primo paragrafo, lettera f) e considerando 47, del GDPR. Il trattamento \u00e8 necessario per il perseguimento del legittimo interesse del titolare del trattamento o di terzi, a condizione che non prevalgano gli interessi o i diritti e le libert\u00e0 fondamentali dell\u2019interessato che richiedono la protezione dei dati personali, tenuto conto delle ragionevoli aspettative nutrite dall\u2019interessato in base alla sua relazione con il titolare del trattamento. Attivit\u00e0 strettamente necessarie al funzionamento del sito e all\u2019erogazione del servizio di navigazione sul sito<\/em>. Il conferimento dei dati indicati per le finalit\u00e0 2, 3 e 4 \u00e8 facoltativo sulla base giuridica del consenso, ai sensi dell\u2019articolo 6.1.a), ed un suo eventuale rifiuto al trattamento non compromette le funzionalit\u00e0 e i servizi presenti sul sito.<\/p>\n<p>Al momento del primo accesso al Sito, l\u2019Utente visualizzer\u00e0 un banner a comparsa immediata contenente l\u2019informativa breve sui cookie, il link alla presente informativa estesa sui cookies ed una serie di funzionalit\u00e0 per la gestione delle preferenze in merito ai cookie da installare sul proprio dispositivo.<\/p>\n<p>In particolare, tramite le funzioni contenute nel banner l\u2019utente potr\u00e0: (i) accettare tutti i cookie presenti sul Sito, ivi inclusi quelli per pubblicit\u00e0 mirata, prestando il relativo consenso; (ii) rifiutare l\u2019installazione di tutti i cookie presenti sul Sito al di fuori di quelli strettamente necessari per il corretto funzionamento di quest\u2019ultimo (i.e. i \u201cCookie Necessari\u201d); (iii) accedere, tramite apposito link, \u201c<em>Rivedi le tue scelte sui cookie<\/em>\u201d, ove acquisire maggiori informazioni sugli specifici cookies presenti sul Sito, raggruppati per categorie omogenee, e, ove previsto, conferire o revocare il consenso od opporsi al trattamento con riferimento alle categorie di cookie da abilitare o disabilitare sul proprio dispositivo; (iv) chiudere il banner dei cookie cliccando sull\u2019apposita icona e continuare la navigazione all\u2019interno del Sito mantenendo le impostazioni\u00a0<em>di default<\/em>.<\/p>\n<p>Il Titolare precisa che l\u2019impostazione \u201cdi default\u201d dei cookies implica l\u2019installazione dei soli Cookies Necessari.<\/p>\n<p>In conformit\u00e0 a quanto prescritto dalle Linee Guida, il Sito presenta specifiche funzionalit\u00e0 che consentono di memorizzare per un periodo di almeno 6 (sei) mesi le scelte effettuate dall\u2019utente con riferimento al rilascio del consenso all\u2019uso dei cookies e strumenti di tracciamento presenti sul Sito. Decorso tale periodo dall\u2019ultima scelta effettuata dall\u2019utente, le stesse verranno cancellate e, in occasione del successivo accesso al Sito, all\u2019utente verr\u00e0 riproposto il banner di cui sopra.<\/p>\n<p>Le impostazioni per gestire o disattivare i cookie nei browser Internet possono variare a seconda di quello utilizzato, pertanto, per avere maggiori informazioni sulle modalit\u00e0 con le quali compiere tali operazioni, suggeriamo all\u2019Utente di consultare il manuale del proprio dispositivo del proprio browser Internet.<\/p>\n<p>Di seguito si riportano i link che indicano come gestire o disabilitare i cookie per i browser Internet pi\u00f9 diffusi:<\/p>\n<ul>\n<li>Microsoft Edge:\u00a0<a href=\"https:\/\/support.microsoft.com\/it-it\/microsoft-edge\/eliminare-i-cookie-in-microsoft-edge-63947406-40ac-c3b8-57b9-2a946a29ae09\"><span style=\"color: #006f3f;\">https:\/\/support.microsoft.com\/it-it\/microsoft-edge\/eliminare-i-cookie-in-microsoft-edge-63947406-40ac-c3b8-57b9-2a946a29ae09<\/span><\/a><\/li>\n<li>Google Chrome:\u00a0<a href=\"https:\/\/support.google.com\/chrome\/answer\/95647\"><span style=\"color: #006f3f;\">https:\/\/support.google.com\/chrome\/answer\/95647<\/span><\/a><\/li>\n<li>Mozilla Firefox:\u00a0<a href=\"https:\/\/support.mozilla.org\/it\/kb\/Gestione%20dei%20cookie\"><span style=\"color: #006f3f;\">https:\/\/support.mozilla.org\/it\/kb\/Gestione%20dei%20cookie<\/span><\/a><\/li>\n<li>Opera:\u00a0<span style=\"color: #006f3f;\"><a style=\"color: #006f3f;\" href=\"https:\/\/help.opera.com\/Windows\/10.00\/it\/cookies.html\">https:\/\/help.opera.com\/Windows\/10.00\/it\/cookies.html<\/a><\/span><\/li>\n<li>Safari:\u00a0<span style=\"color: #006f3f;\"><a style=\"color: #006f3f;\" href=\"https:\/\/support.apple.com\/it-it\/HT201265\">https:\/\/support.apple.com\/it-it\/HT201265<\/a><\/span><\/li>\n<\/ul>\n<p><u>Il Titolare non \u00e8 responsabile di eventuali modifiche ai sopracitati link. L\u2019utente deve sempre fare riferimento alle indicazioni fornite direttamente dai browser.<\/u><\/p>\n<p><strong>3- COMUNICAZIONE<\/strong><\/p>\n<p>I dati sono trattati da personale debitamente autorizzato dal Titolare e sono potranno essere trattati da soggetti terzi appartenenti, a titolo esemplificativo, alle seguenti categorie:<\/p>\n<ul>\n<li>Societ\u00e0 che forniscono il supporto per la gestione del sito web<\/li>\n<\/ul>\n<ul>\n<li>Piattaforma per la gestione e la rilevazione dei cookie;<\/li>\n<li>Societ\u00e0 che erogano i servizi dei cookie di terze parti.<\/li>\n<\/ul>\n<p>I soggetti appartenenti alle categorie sopra riportate operano, in alcune ipotesi, in qualit\u00e0 di responsabili del trattamento appositamente nominati dal Titolare nel rispetto dell\u2019articolo 28 GDPR, in altre ipotesi in totale autonomia come distinti titolari del trattamento, restando inteso che, in quest\u2019ultimo caso, la comunicazione dei suoi dati personali a tali titolari autonomi \u00e8 effettuata unicamente ai fini del perseguimento delle finalit\u00e0 indicate nella presente informativa.\u00a0 .<br \/>\nPer conoscere l\u2019elenco completo Lei pu\u00f2 scrivere a <a href=\"mailto:privacyccfsimmobiliare@ccfs.it\"><span style=\"color: #006f3f;\">privacyccfsimmobiliare@ccfs.it<\/span><\/a><br \/>\nI dati non sono oggetto di diffusione.<\/p>\n<ul>\n<li><strong>4-<\/strong> <strong>TRASFERIMENTO DEI DATI<\/strong><\/li>\n<\/ul>\n<p>I suoi dati sono trasferiti verso paesi non appartenenti all\u2019Unione Europea come indicato nel dettaglio dei cookie delle societ\u00e0 che erogano i servizi relativi ai cookie di terze parti (\u201c<strong>vedi punto 6 &#8211;\u00a0Final<\/strong><strong>it\u00e0 ed elenco dei cookie utilizzati dal sito web<\/strong><strong>\u201d<\/strong>).<\/p>\n<ul>\n<li><strong>5-<\/strong> <strong>DIRITTI DEGLI INTERESSATI<\/strong><\/li>\n<\/ul>\n<p>Lei ha diritto di ottenere dal Titolare la cancellazione (diritto all&#8217;oblio), la limitazione, l&#8217;aggiornamento, la rettificazione, la portabilit\u00e0, l&#8217;opposizione al trattamento dei dati personali che La riguardano, nonch\u00e9 in generale pu\u00f2 esercitare i diritti previsti dagli artt. 15 e seguenti del Regolamento Europeo 2016\/679 scrivendo <span style=\"color: #006f3f;\"><a style=\"color: #006f3f;\" href=\"mailto:privacyccfsimmobiliare@ccfs.it\">privacyccfsimmobiliare@ccfs.it<\/a><\/span>\u00a0oppure scrivendo ai recapiti del Titolare.<br \/>\nLei potr\u00e0 inoltre proporre reclamo all\u2019autorit\u00e0 di controllo competente qualora Lei ritenga che il trattamento dei suoi dati sia contrario alla normativa in vigore.<\/p>\n<ul>\n<li><strong>6- Finalit\u00e0 ed elenco dei cookie utilizzati dal sito<\/strong><\/li>\n<\/ul>\n<p>In qualsiasi momento \u00e8 possibile modificare o revocare il proprio consenso dalla Dichiarazione dei cookie sul nostro sito Web.<\/p>\n<p>[cmplz-cookies]<\/p>\n<h2>7. Consenso<\/h2>\n<p>Quando visiti il sito web per la prima volta, noi mostreremo un popup con una spiegazione dei cookie. Appena clicchi su \u201cSalva preferenze\u201d, dai il permesso a noi di usare le categorie di cookie e plugin come descritto in questa dichiarazione relativa ai popup e cookie. Puoi disabilitare i cookie attraverso il tuo browser, ma prendi in considerazione, che il nostro sito web potrebbe non funzionare pi\u00f9 correttamente.<\/p>\n<p>[cmplz-manage-consent][\/vc_column_text][\/vc_column][\/vc_row][vc_row][vc_column][vc_column_text]<\/p>\n","protected":false},"excerpt":{"rendered":"[vc_row][vc_column][vc_column_text]COOKIE POLICY resa ai sensi dell\u2019art. 13 Regolamento (UE) 2016\/679 (\u201cGDPR\u201d) Con il presente documento (\u201cCookie Policy\u201d) il Titolare del trattamento, come di seguito definito, desidera informarLa sulle modalit\u00e0 e finalit\u00e0 del trattamento dei Suoi dati personali derivante dall\u2019utilizzo dei cookie ed altri strumenti di tracciamento presenti sul sito\u00a0(https:\/\/www.immobiliareccfs.it\/)\u00a0(di seguito, congiuntamente, il \u201cSito\u201d), in conformit\u00e0&#8230;","protected":false},"author":1,"featured_media":0,"parent":0,"menu_order":0,"comment_status":"closed","ping_status":"closed","template":"","meta":{"footnotes":""},"class_list":["post-14352","page","type-page","status-publish","hentry"],"yoast_head":"<!-- This site is optimized with the Yoast SEO plugin v26.7 - https:\/\/yoast.com\/wordpress\/plugins\/seo\/ -->\n<title>Cookie Policy - Immobiliare CCFS<\/title>\n<meta name=\"robots\" content=\"index, follow, max-snippet:-1, max-image-preview:large, max-video-preview:-1\" \/>\n<link rel=\"canonical\" href=\"http:\/\/www.immobiliareccfs.it\/wordpress\/cookie-policy\/\" \/>\n<meta property=\"og:locale\" content=\"it_IT\" \/>\n<meta property=\"og:type\" content=\"article\" \/>\n<meta property=\"og:title\" content=\"Cookie Policy - Immobiliare CCFS\" \/>\n<meta property=\"og:description\" content=\"[vc_row][vc_column][vc_column_text]COOKIE POLICY resa ai sensi dell\u2019art. 13 Regolamento (UE) 2016\/679 (\u201cGDPR\u201d) Con il presente documento (\u201cCookie Policy\u201d) il Titolare del trattamento, come di seguito definito, desidera informarLa sulle modalit\u00e0 e finalit\u00e0 del trattamento dei Suoi dati personali derivante dall\u2019utilizzo dei cookie ed altri strumenti di tracciamento presenti sul sito\u00a0(https:\/\/www.immobiliareccfs.it\/)\u00a0(di seguito, congiuntamente, il \u201cSito\u201d), in conformit\u00e0...\" \/>\n<meta property=\"og:url\" content=\"http:\/\/www.immobiliareccfs.it\/wordpress\/cookie-policy\/\" \/>\n<meta property=\"og:site_name\" content=\"Immobiliare CCFS\" \/>\n<meta property=\"article:modified_time\" content=\"2025-07-29T14:15:58+00:00\" \/>\n<meta name=\"twitter:card\" content=\"summary_large_image\" \/>\n<meta name=\"twitter:label1\" content=\"Tempo di lettura stimato\" \/>\n\t<meta name=\"twitter:data1\" content=\"9 minuti\" \/>\n<script type=\"application\/ld+json\" class=\"yoast-schema-graph\">{\"@context\":\"https:\/\/schema.org\",\"@graph\":[{\"@type\":\"WebPage\",\"@id\":\"http:\/\/www.immobiliareccfs.it\/wordpress\/cookie-policy\/\",\"url\":\"http:\/\/www.immobiliareccfs.it\/wordpress\/cookie-policy\/\",\"name\":\"Cookie Policy - Immobiliare CCFS\",\"isPartOf\":{\"@id\":\"http:\/\/www.immobiliareccfs.it\/wordpress\/#website\"},\"datePublished\":\"2025-07-29T13:43:01+00:00\",\"dateModified\":\"2025-07-29T14:15:58+00:00\",\"breadcrumb\":{\"@id\":\"http:\/\/www.immobiliareccfs.it\/wordpress\/cookie-policy\/#breadcrumb\"},\"inLanguage\":\"it-IT\",\"potentialAction\":[{\"@type\":\"ReadAction\",\"target\":[\"http:\/\/www.immobiliareccfs.it\/wordpress\/cookie-policy\/\"]}]},{\"@type\":\"BreadcrumbList\",\"@id\":\"http:\/\/www.immobiliareccfs.it\/wordpress\/cookie-policy\/#breadcrumb\",\"itemListElement\":[{\"@type\":\"ListItem\",\"position\":1,\"name\":\"Home\",\"item\":\"http:\/\/www.immobiliareccfs.it\/wordpress\/\"},{\"@type\":\"ListItem\",\"position\":2,\"name\":\"Cookie Policy\"}]},{\"@type\":\"WebSite\",\"@id\":\"http:\/\/www.immobiliareccfs.it\/wordpress\/#website\",\"url\":\"http:\/\/www.immobiliareccfs.it\/wordpress\/\",\"name\":\"ImmobiliareCCFS\",\"description\":\"\",\"publisher\":{\"@id\":\"http:\/\/www.immobiliareccfs.it\/wordpress\/#organization\"},\"potentialAction\":[{\"@type\":\"SearchAction\",\"target\":{\"@type\":\"EntryPoint\",\"urlTemplate\":\"http:\/\/www.immobiliareccfs.it\/wordpress\/?s={search_term_string}\"},\"query-input\":{\"@type\":\"PropertyValueSpecification\",\"valueRequired\":true,\"valueName\":\"search_term_string\"}}],\"inLanguage\":\"it-IT\"},{\"@type\":\"Organization\",\"@id\":\"http:\/\/www.immobiliareccfs.it\/wordpress\/#organization\",\"name\":\"Immobiliare CCFS\",\"url\":\"http:\/\/www.immobiliareccfs.it\/wordpress\/\",\"logo\":{\"@type\":\"ImageObject\",\"inLanguage\":\"it-IT\",\"@id\":\"http:\/\/www.immobiliareccfs.it\/wordpress\/#\/schema\/logo\/image\/\",\"url\":\"https:\/\/www.immobiliareccfs.it\/wordpress\/wp-content\/uploads\/2018\/05\/Logo-imm-ok.jpg\",\"contentUrl\":\"https:\/\/www.immobiliareccfs.it\/wordpress\/wp-content\/uploads\/2018\/05\/Logo-imm-ok.jpg\",\"width\":140,\"height\":105,\"caption\":\"Immobiliare CCFS\"},\"image\":{\"@id\":\"http:\/\/www.immobiliareccfs.it\/wordpress\/#\/schema\/logo\/image\/\"}}]}<\/script>\n<!-- \/ Yoast SEO plugin. -->","yoast_head_json":{"title":"Cookie Policy - Immobiliare CCFS","robots":{"index":"index","follow":"follow","max-snippet":"max-snippet:-1","max-image-preview":"max-image-preview:large","max-video-preview":"max-video-preview:-1"},"canonical":"http:\/\/www.immobiliareccfs.it\/wordpress\/cookie-policy\/","og_locale":"it_IT","og_type":"article","og_title":"Cookie Policy - Immobiliare CCFS","og_description":"[vc_row][vc_column][vc_column_text]COOKIE POLICY resa ai sensi dell\u2019art. 13 Regolamento (UE) 2016\/679 (\u201cGDPR\u201d) Con il presente documento (\u201cCookie Policy\u201d) il Titolare del trattamento, come di seguito definito, desidera informarLa sulle modalit\u00e0 e finalit\u00e0 del trattamento dei Suoi dati personali derivante dall\u2019utilizzo dei cookie ed altri strumenti di tracciamento presenti sul sito\u00a0(https:\/\/www.immobiliareccfs.it\/)\u00a0(di seguito, congiuntamente, il \u201cSito\u201d), in conformit\u00e0...","og_url":"http:\/\/www.immobiliareccfs.it\/wordpress\/cookie-policy\/","og_site_name":"Immobiliare CCFS","article_modified_time":"2025-07-29T14:15:58+00:00","twitter_card":"summary_large_image","twitter_misc":{"Tempo di lettura stimato":"9 minuti"},"schema":{"@context":"https:\/\/schema.org","@graph":[{"@type":"WebPage","@id":"http:\/\/www.immobiliareccfs.it\/wordpress\/cookie-policy\/","url":"http:\/\/www.immobiliareccfs.it\/wordpress\/cookie-policy\/","name":"Cookie Policy - Immobiliare CCFS","isPartOf":{"@id":"http:\/\/www.immobiliareccfs.it\/wordpress\/#website"},"datePublished":"2025-07-29T13:43:01+00:00","dateModified":"2025-07-29T14:15:58+00:00","breadcrumb":{"@id":"http:\/\/www.immobiliareccfs.it\/wordpress\/cookie-policy\/#breadcrumb"},"inLanguage":"it-IT","potentialAction":[{"@type":"ReadAction","target":["http:\/\/www.immobiliareccfs.it\/wordpress\/cookie-policy\/"]}]},{"@type":"BreadcrumbList","@id":"http:\/\/www.immobiliareccfs.it\/wordpress\/cookie-policy\/#breadcrumb","itemListElement":[{"@type":"ListItem","position":1,"name":"Home","item":"http:\/\/www.immobiliareccfs.it\/wordpress\/"},{"@type":"ListItem","position":2,"name":"Cookie Policy"}]},{"@type":"WebSite","@id":"http:\/\/www.immobiliareccfs.it\/wordpress\/#website","url":"http:\/\/www.immobiliareccfs.it\/wordpress\/","name":"ImmobiliareCCFS","description":"","publisher":{"@id":"http:\/\/www.immobiliareccfs.it\/wordpress\/#organization"},"potentialAction":[{"@type":"SearchAction","target":{"@type":"EntryPoint","urlTemplate":"http:\/\/www.immobiliareccfs.it\/wordpress\/?s={search_term_string}"},"query-input":{"@type":"PropertyValueSpecification","valueRequired":true,"valueName":"search_term_string"}}],"inLanguage":"it-IT"},{"@type":"Organization","@id":"http:\/\/www.immobiliareccfs.it\/wordpress\/#organization","name":"Immobiliare CCFS","url":"http:\/\/www.immobiliareccfs.it\/wordpress\/","logo":{"@type":"ImageObject","inLanguage":"it-IT","@id":"http:\/\/www.immobiliareccfs.it\/wordpress\/#\/schema\/logo\/image\/","url":"https:\/\/www.immobiliareccfs.it\/wordpress\/wp-content\/uploads\/2018\/05\/Logo-imm-ok.jpg","contentUrl":"https:\/\/www.immobiliareccfs.it\/wordpress\/wp-content\/uploads\/2018\/05\/Logo-imm-ok.jpg","width":140,"height":105,"caption":"Immobiliare CCFS"},"image":{"@id":"http:\/\/www.immobiliareccfs.it\/wordpress\/#\/schema\/logo\/image\/"}}]}},"_links":{"self":[{"href":"https:\/\/www.immobiliareccfs.it\/wordpress\/wp-json\/wp\/v2\/pages\/14352","targetHints":{"allow":["GET"]}}],"collection":[{"href":"https:\/\/www.immobiliareccfs.it\/wordpress\/wp-json\/wp\/v2\/pages"}],"about":[{"href":"https:\/\/www.immobiliareccfs.it\/wordpress\/wp-json\/wp\/v2\/types\/page"}],"author":[{"embeddable":true,"href":"https:\/\/www.immobiliareccfs.it\/wordpress\/wp-json\/wp\/v2\/users\/1"}],"replies":[{"embeddable":true,"href":"https:\/\/www.immobiliareccfs.it\/wordpress\/wp-json\/wp\/v2\/comments?post=14352"}],"version-history":[{"count":7,"href":"https:\/\/www.immobiliareccfs.it\/wordpress\/wp-json\/wp\/v2\/pages\/14352\/revisions"}],"predecessor-version":[{"id":14363,"href":"https:\/\/www.immobiliareccfs.it\/wordpress\/wp-json\/wp\/v2\/pages\/14352\/revisions\/14363"}],"wp:attachment":[{"href":"https:\/\/www.immobiliareccfs.it\/wordpress\/wp-json\/wp\/v2\/media?parent=14352"}],"curies":[{"name":"wp","href":"https:\/\/api.w.org\/{rel}","templated":true}]}}